. Let z = 26 + -17. What is the greatest common divisor of s and z?
9
Suppose 0 = 2*b - 4*s - 172, -3*b = 5*s - 201 - 24. What is the highest common factor of 16 and b?
16
Suppose -3*y = -4*y + 50. Suppose -8*q = -3*q - y. Calculate the highest common factor of q and 10.
10
Let h be -2 - (10*-1 - 0). Let k(g) = g**3 - 9*g**2 + 8*g + 6. Let y be k(h). Let q = 11 - 5. What is the greatest common factor of y and q?
6
Suppose -56 = 4*w - 2*g, -2*g - 10 = -5*w - 80. Let d = w + 30. Calculate the highest common factor of d and 4.
4
Let b = 16 - -1. Calculate the greatest common divisor of b and 17.
17
Let l(b) = 7*b - 1. Let i be l(7). What is the greatest common factor of 144 and i?
48
Suppose 0 = 2*p - 0*p + 380. Let g = 432 + p. What is the highest common factor of 22 and g?
22
Let c(p) = -p**2 - 13. Let h be c(0). Let w = h - -22. Suppose 2*r + 1 = 3. Calculate the highest common divisor of w and r.
1
Suppose 8*v = 3*v + 100. Let i(q) = 4*q. Suppose 0 = 3*f - 5*y - 40, 2*y = -f - 2*y - 15. Let z be i(f). Calculate the highest common factor of v and z.
20
Let y = -1 - -19. What is the greatest common factor of 45 and y?
9
Suppose 2*v - 5*h + 253 = 5*v, 166 = 2*v + 2*h. Calculate the greatest common divisor of v and 54.
27
Let h be 52/14 - (-2)/7. Suppose -j = -h*u + 247, 4*u - 262 = -3*j + j. What is the greatest common divisor of 9 and u?
9
Suppose -5*h + 5*j = -15, -1 = 5*h - 4*j - 19. Let m be (-3)/(-9) - (-197)/3. Let q = -36 + m. Calculate the greatest common factor of q and h.
6
Let z(f) = -f**2 - 8*f - 3. Let j be z(-3). What is the highest common factor of 18 and j?
6
Let p(r) = 4*r - 54. Let g be p(17). What is the highest common divisor of g and 238?
14
Suppose -r + 33 = -15. Suppose -2*n = n - 9. Let t be 94/n - 4/(-6). What is the highest common divisor of r and t?
16
Let y = -34 + 35. Calculate the highest common divisor of y and 11.
1
Let w be (-2)/3*(-60)/8. Suppose -w*k + i + 0*i + 44 = 0, 4*k - 3*i = 33. What is the greatest common factor of 9 and k?
9
Let u be 1 - (-3 - (-1 - 1)). Suppose -3*x = -4*r - 16, 2*x - u*r - 13 - 1 = 0. Let a be (3/2)/(2/8). Calculate the highest common factor of a and x.
6
Let i(n) = -n**3 - n**2 + 1. Let q be i(0). Let k be 4 + 1 - q - -2. Let y = -21 + 24. Calculate the greatest common divisor of y and k.
3
Let c = -30 + 39. What is the greatest common divisor of 207 and c?
9
Let l(y) = -y**2 + 8*y - 4. Let w be l(4). Suppose m + v = w, 4*m + v - 20 = 13. Let d = -5 + m. Calculate the greatest common factor of 10 and d.
2
Suppose -t + 7*t = 42. Let c be (-14)/(-6) - 4/(-6). Suppose -c*g = 59 - 227. What is the highest common factor of t and g?
7
Let w be (-2)/(-4) + 0 - 162/(-12). Calculate the greatest common factor of 35 and w.
7
Let b(r) = -r**3 + 3*r**2 - 3*r + 3. Let f(d) = d**2 - 9*d + 16. Let k be f(7). Let u be b(k). What is the greatest common factor of 1 and u?
1
Suppose 4*t - 7 - 1 = 0. Let h be t/(-10) + 366/30. Let x = h + 9. What is the highest common divisor of x and 105?
21
Let q(v) = -v**2 - 12*v + 8. Suppose z + 25 = -3*u, 2*u = -3*z - 9 - 31. Let f be q(z). What is the greatest common divisor of f and 7?
7
Let j(l) = 7*l - 4. Let w be j(5). Let i = w - -32. Let v = -9 - -18. Calculate the highest common divisor of v and i.
9
Let l(h) = h**3 - h**2 - h + 1. Let y be l(2). Let x = -24 - -13. Let g = 17 + x. Calculate the greatest common factor of y and g.
3
Let q = -8 - -10. Calculate the highest common factor of 10 and q.
2
Suppose 2*s - 29 = -2*u - 3, 4*s - 16 = 0. Let f(q) = -q**3 + 130. Let k be f(0). Let a = 229 - k. Calculate the highest common factor of u and a.
9
Let m = -3 - -8. Let p(i) = i - 3. Let g be p(m). Let c be (-15)/(-2 + g + -1). What is the highest common factor of 15 and c?
15
Suppose k - 3*o = -4*o + 29, -o = -2*k + 73. What is the highest common factor of 204 and k?
34
Let j = -9 - -41. Let s = j + -19. Let v = 72 - 33. What is the greatest common factor of v and s?
13
Suppose t - 28 = 4*u, t + 4*t - 5*u - 140 = 0. Calculate the highest common divisor of t and 14.
14
Let d = 5 + 6. Calculate the greatest common divisor of d and 1.
1
Let w be 2 - 4 - (-1 - 16). Let o = w + 3. What is the greatest common factor of o and 198?
18
Let b(v) = -v**3 - v**2 - v + 24. Let u be b(0). What is the greatest common divisor of 60 and u?
12
Suppose -3*h + 3 = -2*h. Suppose -3*t - 36 = -3*v - 0*v, -h*t - 1 = 2*v. What is the greatest common factor of v and 7?
7
Let l(p) = -p**3 - p**2. Let g be l(-1). Let n be (-1 + g)*-1 + 8. What is the greatest common divisor of 99 and n?
9
Let o = -178 + 331. Let v(r) = r**2 + 2*r - 7. Let n be v(4). What is the highest common divisor of n and o?
17
Suppose 14 = q - 1. Calculate the highest common factor of 135 and q.
15
Let g(i) = -i**2 + 2*i. Let w be g(3). Let h be -2*w/(-6)*-9. Calculate the highest common divisor of 81 and h.
9
Suppose 0 = 3*b - 56 - 376. What is the highest common factor of 48 and b?
48
Suppose 4*t = -b - 9, 4*b + 0*b - t - 15 = 0. Let j be 1 + b/6*-2. Suppose 3*i + i - 252 = j. What is the highest common factor of i and 9?
9
Let r(d) = -19*d + 2. Let s = -14 + 8. Let k be r(s). What is the greatest common divisor of 29 and k?
29
Let q(y) = -y**3 - 3*y**2 + 4*y. Let i be q(-4). Suppose -n + 14 = -i*n. Suppose -2*j + 5 = -37. What is the greatest common divisor of n and j?
7
Let d(r) = r + 2. Let h be d(-4). Let s = -2 - h. Let o be (1 - s) + 0/2. What is the greatest common factor of o and 1?
1
Let v = -13 - -39. Let m = -17 + v. Let c be ((-72)/1)/(0 + -1). Calculate the highest common divisor of m and c.
9
Let a = 9 + -11. Let o be ((-4319)/(-14))/((-1)/a). Suppose -2*w - 111 = -o. Calculate the highest common factor of 23 and w.
23
Suppose -7 = -2*t + 19. Calculate the greatest common factor of 13 and t.
13
Let x(z) = 2*z - 13. Let g be x(9). Suppose 0 = 4*k + 3*a + 15, -5*k + 8*k - g*a + 33 = 0. Let c be 30/(-4)*k/9. What is the greatest common factor of 2 and c?
1
Let k(q) = -q**2 + 26*q - 46. Let s be k(24). Calculate the greatest common factor of s and 8.
2
Suppose -40 = -3*q - 5*p, 2*q - 2*p + 20 = 4*q. Suppose u + 2 = 0, -4*m + 0*u + 694 = q*u. Suppose -3*j = j - m. What is the highest common divisor of j and 11?
11
Let m = -5 + 9. Let j(l) = -l**2 + 1 - 3*l + 2*l**2 + 0. Let i be j(m). What is the greatest common factor of i and 20?
5
Suppose 5*b + 25 = 5*k, -3*k + 11 = -4*b + 5*b. Calculate the highest common divisor of 8 and k.
4
Let j be 3 + (-4 - -5) + 17. Suppose 0 = m - 0*m - 189. What is the highest common divisor of j and m?
21
Let x(d) = d - 4. Let o be x(8). What is the greatest common divisor of o and 16?
4
Suppose 5*i + 2 = -3*r - 3, 13 = 5*r + 3*i. Suppose -4*a = -r*a + 22. Calculate the greatest common factor of 2 and a.
2
Let p be 6/4 - ((-1062)/(-4))/(-3). What is the highest common factor of p and 135?
45
Let v(m) = -m**3 + 8*m**2 - 9*m + 19. Let s be v(7). What is the greatest common divisor of 65 and s?
5
Let t be (2/4)/((-5)/(-40)). What is the highest common factor of t and 4?
4
Suppose -x + 2*x - 18 = -4*j, -3*x = 4*j - 78. Calculate the greatest common factor of 15 and x.
15
Let d(x) = 18*x - 4. Let o be d(3). Suppose -8*y + o = -3*y. What is the highest common factor of 15 and y?
5
Let d be (2 + -1)/1 - -4. Suppose -4 = d*m - 4*a - 19, -2*a + 15 = 5*m. Let w = 21 + -6. Calculate the highest common divisor of w and m.
3
Let i(f) = -f**3 + 6*f**2 - 7*f + 8. Let g be 5/2*32/20. Let a be i(g). Suppose -15 = 2*b - 63. Calculate the highest common factor of b and a.
12
Let l(g) = -g + 1. Let m be l(-2). Let f = 0 + m. Calculate the greatest common divisor of 21 and f.
3
Let b = 47 - 37. Calculate the greatest common factor of 90 and b.
10
Suppose 0 = -b - 2, -c - 2*b - 5 + 131 = 0. Calculate the highest common factor of 13 and c.
13
Let r(f) = -5*f**3 + f - 3. Let v be r(-2). What is the greatest common divisor of 14 and v?
7
Suppose 0 = -18*f + 165 + 591. What is the highest common divisor of f and 14?
14
Let s be (9 - -1) + (-2 - -3). What is the highest common divisor of s and 88?
11
Let u = 12 - 11. Suppose -c - u = -15. What is the highest common factor of c and 14?
14
Suppose 1256 = 4*n - 2*u, u = -3*n + 779 + 168. Calculate the highest common factor of 45 and n.
45
Let o = -2 